{"id":173,"date":"2020-09-29T09:24:34","date_gmt":"2020-09-29T09:24:34","guid":{"rendered":"https:\/\/tipsnco.com\/index.php\/plans\/"},"modified":"2023-09-25T22:25:20","modified_gmt":"2023-09-25T20:25:20","slug":"plans","status":"publish","type":"page","link":"https:\/\/tipsnco.com\/index.php\/plans\/","title":{"rendered":"Plans"},"content":{"rendered":"<h1>Un p&rsquo;tit geste pour le service ?<\/h1>\n<p>La plateforme de r\u00e9f\u00e9rence d\u00e9di\u00e9e aux professionnels des m\u00e9tiers de service et du tertiaire !<\/p>\n<h6>Offre<br \/>TIP TOP<\/h6>\n<h2>0 \u20ac<\/h2>\n<p>\t\t\t\/ Mois\t\t<\/p>\n<p>Essentiel pour commencer.\u00a0<\/p>\n<ul>\n<li>\n\t\t\t\t\t\t\t\t\t\tAcc\u00e8s \u00e0 la plateforme de pourboire\n\t\t\t\t\t\t\t\t\t<\/li>\n<li>\n\t\t\t\t\t\t\t\t\t\tOuverture d&rsquo;un portefeuille en ligne\n\t\t\t\t\t\t\t\t\t<\/li>\n<li>\n\t\t\t\t\t\t\t\t\t\tPossibilit\u00e9 d&rsquo;acheter et de distribuer des tips\n\t\t\t\t\t\t\t\t\t<\/li>\n<li>\n\t\t\t\t\t\t\t\t\t\tCumul des tips dans son portefeuille en ligne\n\t\t\t\t\t\t\t\t\t<\/li>\n<li>\n\t\t\t\t\t\t\t\t\t\tAcc\u00e8s \u00e0 la communaut\u00e9 Tips&#038;Co\n\t\t\t\t\t\t\t\t\t<\/li>\n<\/ul>\n<ul>\n<li>\n\t\t\t\t\t\t\t\t\t\tPas de publicit\u00e9 sur la plateforme\n\t\t\t\t\t\t\t\t\t<\/li>\n<li>\n\t\t\t\t\t\t\t\t\t\tOffres &#038; r\u00e9ductions dans certains \u00e9tablissements\n\t\t\t\t\t\t\t\t\t<\/li>\n<li>\n\t\t\t\t\t\t\t\t\t\tPossibilit\u00e9 de transf\u00e9rer les sommes per\u00e7ues vers son compte bancaire\n\t\t\t\t\t\t\t\t\t<\/li>\n<li>\n\t\t\t\t\t\t\t\t\t\tBadge de certification VIP sur le profil\n\t\t\t\t\t\t\t\t\t<\/li>\n<li>\n\t\t\t\t\t\t\t\t\t\tRemises sp\u00e9ciales aupr\u00e8s des partenaires\n\t\t\t\t\t\t\t\t\t<\/li>\n<\/ul>\n<p>\t\t\t<a href=\"https:\/\/tipsnco.com\/inscription\/\"><br \/>\n\t\t\t\t\t\tM&rsquo;abonner<br \/>\n\t\t\t\t\t<\/a><\/p>\n<h6>OFFRE<br \/>C&rsquo;est mon tip !<\/h6>\n<h2>0.99 \u20ac<\/h2>\n<p>\t\t\t\/ Mois\t\t<\/p>\n<p>Des fonctionnalit\u00e9s essentielles.<\/p>\n<ul>\n<li>\n\t\t\t\t\t\t\t\t\t\tAcc\u00e8s \u00e0 la plateforme de pourboire\n\t\t\t\t\t\t\t\t\t<\/li>\n<li>\n\t\t\t\t\t\t\t\t\t\tOuverture d&rsquo;un portefeuille en ligne\n\t\t\t\t\t\t\t\t\t<\/li>\n<li>\n\t\t\t\t\t\t\t\t\t\tPossibilit\u00e9 d&rsquo;acheter et de distribuer des tips\n\t\t\t\t\t\t\t\t\t<\/li>\n<li>\n\t\t\t\t\t\t\t\t\t\tCumul des tips dans son portefeuille en ligne\n\t\t\t\t\t\t\t\t\t<\/li>\n<li>\n\t\t\t\t\t\t\t\t\t\tAcc\u00e8s \u00e0 la communaut\u00e9 Tips&#038;Co\u200b\n\t\t\t\t\t\t\t\t\t<\/li>\n<li>\n\t\t\t\t\t\t\t\t\t\tPas de publicit\u00e9 sur la plateforme\n\t\t\t\t\t\t\t\t\t<\/li>\n<li>\n\t\t\t\t\t\t\t\t\t\tOffres &amp; r\u00e9ductions dans certains \u00e9tablissements\n\t\t\t\t\t\t\t\t\t<\/li>\n<li>\n\t\t\t\t\t\t\t\t\t\tPossibilit\u00e9 de transf\u00e9rer les sommes per\u00e7ues vers son compte bancaire\n\t\t\t\t\t\t\t\t\t<\/li>\n<\/ul>\n<ul>\n<li>\n\t\t\t\t\t\t\t\t\t\tBadge de certification VIP sur le profil\n\t\t\t\t\t\t\t\t\t<\/li>\n<li>\n\t\t\t\t\t\t\t\t\t\tRemises sp\u00e9ciales aupr\u00e8s des partenaires\n\t\t\t\t\t\t\t\t\t<\/li>\n<\/ul>\n<p>\t\t\t<a href=\"https:\/\/buy.stripe.com\/aEU5lt8kg9F3aQM8ww\" target=\"_blank\" rel=\"noopener\"><br \/>\n\t\t\t\t\t\tM&rsquo;abonner<br \/>\n\t\t\t\t\t<\/a><\/p>\n<h6>OFFRE<br \/>TOUS TIPS PASSENT<\/h6>\n<h2>4.99 \u20ac<\/h2>\n<p>\t\t\t\/ Mois\t\t<\/p>\n<p>Gestion totale de vos gains.<\/p>\n<ul>\n<li>\n\t\t\t\t\t\t\t\t\t\tAcc\u00e8s \u00e0 la communaut\u00e9 Tips&#038;Co\u200b\n\t\t\t\t\t\t\t\t\t<\/li>\n<li>\n\t\t\t\t\t\t\t\t\t\tOuverture d&rsquo;un portefeuille en ligne\n\t\t\t\t\t\t\t\t\t<\/li>\n<li>\n\t\t\t\t\t\t\t\t\t\tPossibilit\u00e9 d&rsquo;acheter et de distribuer des tips\n\t\t\t\t\t\t\t\t\t<\/li>\n<li>\n\t\t\t\t\t\t\t\t\t\tCumul des tips dans son portefeuille en ligne\n\t\t\t\t\t\t\t\t\t<\/li>\n<li>\n\t\t\t\t\t\t\t\t\t\tAcc\u00e8s \u00e0 la communaut\u00e9 Tips&#038;Co\u200b\n\t\t\t\t\t\t\t\t\t<\/li>\n<li>\n\t\t\t\t\t\t\t\t\t\tPas de publicit\u00e9 sur la plateforme\n\t\t\t\t\t\t\t\t\t<\/li>\n<li>\n\t\t\t\t\t\t\t\t\t\tOffres et r\u00e9ductions dans certains \u00e9tablissements\n\t\t\t\t\t\t\t\t\t<\/li>\n<li>\n\t\t\t\t\t\t\t\t\t\tPossibilit\u00e9 de transf\u00e9rer les sommes per\u00e7ues vers son compte bancaire\n\t\t\t\t\t\t\t\t\t<\/li>\n<li>\n\t\t\t\t\t\t\t\t\t\tBadge de certification VIP sur le profil\n\t\t\t\t\t\t\t\t\t<\/li>\n<li>\n\t\t\t\t\t\t\t\t\t\tRemises sp\u00e9ciales aupr\u00e8s des partenaires\n\t\t\t\t\t\t\t\t\t<\/li>\n<\/ul>\n<p>\t\t\t<a href=\"https:\/\/buy.stripe.com\/9AQg079ok6sR4so9AB\" target=\"_blank\" rel=\"noopener\"><br \/>\n\t\t\t\t\t\tM&rsquo;abonner<br \/>\n\t\t\t\t\t<\/a><\/p>\n<h6>GESTION DES PARTENAIRES<\/h6>\n<h2>Faites \u00e9quipe avec nous !<\/h2>\n<p>Tips&amp;Co offre un solution pratique qui facilite le versement des pourboires gr\u00e2ce \u00e0 un paiement imm\u00e9diat !<\/p>\n<p>\t\t\t<a href=\"mailto:contact@tipsnco.com\" target=\"_blank\" rel=\"noopener\"><br \/>\n\t\t\t\t\t\tEn savoir plus<br \/>\n\t\t\t\t\t<\/a><br \/>\n\t\t\t\t0<br \/>\n\t\t\t\t+<br \/>\n\t\t\t\t\t\t\tABonnements Gratuit<br \/>\n\t\t\t\t0<br \/>\n\t\t\t\t+<br \/>\n\t\t\t\t\t\t\tABonnements Basique<br \/>\n\t\t\t\t0<br \/>\n\t\t\t\t+<br \/>\n\t\t\t\t\t\t\tABonnements VIP<br \/>\n\t\t\t\t0<br \/>\n\t\t\t\t+<br \/>\n\t\t\t\t\t\t\tinscriptions<\/p>\n","protected":false},"excerpt":{"rendered":"<p>Un p&rsquo;tit geste pour le service ? La plateforme de r\u00e9f\u00e9rence d\u00e9di\u00e9e aux professionnels des m\u00e9tiers de service et du tertiaire ! OffreTIP TOP 0 \u20ac \/ Mois Essentiel pour commencer.\u00a0 Acc\u00e8s \u00e0 la plateforme de pourboire Ouverture d&rsquo;un portefeuille en ligne Possibilit\u00e9 d&rsquo;acheter et de distribuer des tips Cumul des tips dans son portefeuille [&hellip;]<\/p>\n","protected":false},"author":1,"featured_media":0,"parent":0,"menu_order":0,"comment_status":"closed","ping_status":"closed","template":"","meta":{"site-sidebar-layout":"no-sidebar","site-content-layout":"page-builder","ast-site-content-layout":"default","site-content-style":"default","site-sidebar-style":"default","ast-global-header-display":"","ast-banner-title-visibility":"","ast-main-header-display":"","ast-hfb-above-header-display":"","ast-hfb-below-header-display":"","ast-hfb-mobile-header-display":"","site-post-title":"disabled","ast-breadcrumbs-content":"","ast-featured-img":"disabled","footer-sml-layout":"","ast-disable-related-posts":"","theme-transparent-header-meta":"enabled","adv-header-id-meta":"","stick-header-meta":"","header-above-stick-meta":"","header-main-stick-meta":"","header-below-stick-meta":"","astra-migrate-meta-layouts":"default","ast-page-background-enabled":"default","ast-page-background-meta":{"desktop":{"background-color":"","background-image":"","background-repeat":"repeat","background-position":"center center","background-size":"auto","background-attachment":"scroll","background-type":"","background-media":"","overlay-type":"","overlay-color":"","overlay-opacity":"","overlay-gradient":""},"tablet":{"background-color":"","background-image":"","background-repeat":"repeat","background-position":"center center","background-size":"auto","background-attachment":"scroll","background-type":"","background-media":"","overlay-type":"","overlay-color":"","overlay-opacity":"","overlay-gradient":""},"mobile":{"background-color":"","background-image":"","background-repeat":"repeat","background-position":"center center","background-size":"auto","background-attachment":"scroll","background-type":"","background-media":"","overlay-type":"","overlay-color":"","overlay-opacity":"","overlay-gradient":""}},"ast-content-background-meta":{"desktop":{"background-color":"var(--ast-global-color-5)","background-image":"","background-repeat":"repeat","background-position":"center center","background-size":"auto","background-attachment":"scroll","background-type":"","background-media":"","overlay-type":"","overlay-color":"","overlay-opacity":"","overlay-gradient":""},"tablet":{"background-color":"var(--ast-global-color-5)","background-image":"","background-repeat":"repeat","background-position":"center center","background-size":"auto","background-attachment":"scroll","background-type":"","background-media":"","overlay-type":"","overlay-color":"","overlay-opacity":"","overlay-gradient":""},"mobile":{"background-color":"var(--ast-global-color-5)","background-image":"","background-repeat":"repeat","background-position":"center center","background-size":"auto","background-attachment":"scroll","background-type":"","background-media":"","overlay-type":"","overlay-color":"","overlay-opacity":"","overlay-gradient":""}},"footnotes":""},"class_list":["post-173","page","type-page","status-publish","hentry"],"yoast_head":"<!-- This site is optimized with the Yoast SEO plugin v27.5 - https:\/\/yoast.com\/product\/yoast-seo-wordpress\/ -->\n<title>Plans - Tips&amp;Co<\/title>\n<meta name=\"robots\" content=\"index, follow, max-snippet:-1, max-image-preview:large, max-video-preview:-1\" \/>\n<link rel=\"canonical\" href=\"https:\/\/tipsnco.com\/index.php\/plans\/\" \/>\n<meta property=\"og:locale\" content=\"fr_FR\" \/>\n<meta property=\"og:type\" content=\"article\" \/>\n<meta property=\"og:title\" content=\"Plans - Tips&amp;Co\" \/>\n<meta property=\"og:description\" content=\"Un p&rsquo;tit geste pour le service ? La plateforme de r\u00e9f\u00e9rence d\u00e9di\u00e9e aux professionnels des m\u00e9tiers de service et du tertiaire ! OffreTIP TOP 0 \u20ac \/ Mois Essentiel pour commencer.\u00a0 Acc\u00e8s \u00e0 la plateforme de pourboire Ouverture d&rsquo;un portefeuille en ligne Possibilit\u00e9 d&rsquo;acheter et de distribuer des tips Cumul des tips dans son portefeuille [&hellip;]\" \/>\n<meta property=\"og:url\" content=\"https:\/\/tipsnco.com\/index.php\/plans\/\" \/>\n<meta property=\"og:site_name\" content=\"Tips&amp;Co\" \/>\n<meta property=\"article:modified_time\" content=\"2023-09-25T20:25:20+00:00\" \/>\n<meta name=\"twitter:card\" content=\"summary_large_image\" \/>\n<meta name=\"twitter:label1\" content=\"Dur\u00e9e de lecture estim\u00e9e\" \/>\n\t<meta name=\"twitter:data1\" content=\"2 minutes\" \/>\n<script type=\"application\/ld+json\" class=\"yoast-schema-graph\">{\"@context\":\"https:\\\/\\\/schema.org\",\"@graph\":[{\"@type\":\"WebPage\",\"@id\":\"https:\\\/\\\/tipsnco.com\\\/index.php\\\/plans\\\/\",\"url\":\"https:\\\/\\\/tipsnco.com\\\/index.php\\\/plans\\\/\",\"name\":\"Plans - Tips&amp;Co\",\"isPartOf\":{\"@id\":\"https:\\\/\\\/tipsnco.com\\\/#website\"},\"datePublished\":\"2020-09-29T09:24:34+00:00\",\"dateModified\":\"2023-09-25T20:25:20+00:00\",\"breadcrumb\":{\"@id\":\"https:\\\/\\\/tipsnco.com\\\/index.php\\\/plans\\\/#breadcrumb\"},\"inLanguage\":\"fr-FR\",\"potentialAction\":[{\"@type\":\"ReadAction\",\"target\":[\"https:\\\/\\\/tipsnco.com\\\/index.php\\\/plans\\\/\"]}]},{\"@type\":\"BreadcrumbList\",\"@id\":\"https:\\\/\\\/tipsnco.com\\\/index.php\\\/plans\\\/#breadcrumb\",\"itemListElement\":[{\"@type\":\"ListItem\",\"position\":1,\"name\":\"Home\",\"item\":\"https:\\\/\\\/tipsnco.com\\\/\"},{\"@type\":\"ListItem\",\"position\":2,\"name\":\"Plans\"}]},{\"@type\":\"WebSite\",\"@id\":\"https:\\\/\\\/tipsnco.com\\\/#website\",\"url\":\"https:\\\/\\\/tipsnco.com\\\/\",\"name\":\"Tipsnco\",\"description\":\"Un p&#039;tit geste pour le service ?\",\"publisher\":{\"@id\":\"https:\\\/\\\/tipsnco.com\\\/#organization\"},\"potentialAction\":[{\"@type\":\"SearchAction\",\"target\":{\"@type\":\"EntryPoint\",\"urlTemplate\":\"https:\\\/\\\/tipsnco.com\\\/?s={search_term_string}\"},\"query-input\":{\"@type\":\"PropertyValueSpecification\",\"valueRequired\":true,\"valueName\":\"search_term_string\"}}],\"inLanguage\":\"fr-FR\"},{\"@type\":\"Organization\",\"@id\":\"https:\\\/\\\/tipsnco.com\\\/#organization\",\"name\":\"Tipsnco\",\"url\":\"https:\\\/\\\/tipsnco.com\\\/\",\"logo\":{\"@type\":\"ImageObject\",\"inLanguage\":\"fr-FR\",\"@id\":\"https:\\\/\\\/tipsnco.com\\\/#\\\/schema\\\/logo\\\/image\\\/\",\"url\":\"https:\\\/\\\/tipsnco.com\\\/wp-content\\\/uploads\\\/2023\\\/08\\\/IMG_4277.png\",\"contentUrl\":\"https:\\\/\\\/tipsnco.com\\\/wp-content\\\/uploads\\\/2023\\\/08\\\/IMG_4277.png\",\"width\":232,\"height\":232,\"caption\":\"Tipsnco\"},\"image\":{\"@id\":\"https:\\\/\\\/tipsnco.com\\\/#\\\/schema\\\/logo\\\/image\\\/\"}}]}<\/script>\n<!-- \/ Yoast SEO plugin. -->","yoast_head_json":{"title":"Plans - Tips&amp;Co","robots":{"index":"index","follow":"follow","max-snippet":"max-snippet:-1","max-image-preview":"max-image-preview:large","max-video-preview":"max-video-preview:-1"},"canonical":"https:\/\/tipsnco.com\/index.php\/plans\/","og_locale":"fr_FR","og_type":"article","og_title":"Plans - Tips&amp;Co","og_description":"Un p&rsquo;tit geste pour le service ? La plateforme de r\u00e9f\u00e9rence d\u00e9di\u00e9e aux professionnels des m\u00e9tiers de service et du tertiaire ! OffreTIP TOP 0 \u20ac \/ Mois Essentiel pour commencer.\u00a0 Acc\u00e8s \u00e0 la plateforme de pourboire Ouverture d&rsquo;un portefeuille en ligne Possibilit\u00e9 d&rsquo;acheter et de distribuer des tips Cumul des tips dans son portefeuille [&hellip;]","og_url":"https:\/\/tipsnco.com\/index.php\/plans\/","og_site_name":"Tips&amp;Co","article_modified_time":"2023-09-25T20:25:20+00:00","twitter_card":"summary_large_image","twitter_misc":{"Dur\u00e9e de lecture estim\u00e9e":"2 minutes"},"schema":{"@context":"https:\/\/schema.org","@graph":[{"@type":"WebPage","@id":"https:\/\/tipsnco.com\/index.php\/plans\/","url":"https:\/\/tipsnco.com\/index.php\/plans\/","name":"Plans - Tips&amp;Co","isPartOf":{"@id":"https:\/\/tipsnco.com\/#website"},"datePublished":"2020-09-29T09:24:34+00:00","dateModified":"2023-09-25T20:25:20+00:00","breadcrumb":{"@id":"https:\/\/tipsnco.com\/index.php\/plans\/#breadcrumb"},"inLanguage":"fr-FR","potentialAction":[{"@type":"ReadAction","target":["https:\/\/tipsnco.com\/index.php\/plans\/"]}]},{"@type":"BreadcrumbList","@id":"https:\/\/tipsnco.com\/index.php\/plans\/#breadcrumb","itemListElement":[{"@type":"ListItem","position":1,"name":"Home","item":"https:\/\/tipsnco.com\/"},{"@type":"ListItem","position":2,"name":"Plans"}]},{"@type":"WebSite","@id":"https:\/\/tipsnco.com\/#website","url":"https:\/\/tipsnco.com\/","name":"Tipsnco","description":"Un p&#039;tit geste pour le service ?","publisher":{"@id":"https:\/\/tipsnco.com\/#organization"},"potentialAction":[{"@type":"SearchAction","target":{"@type":"EntryPoint","urlTemplate":"https:\/\/tipsnco.com\/?s={search_term_string}"},"query-input":{"@type":"PropertyValueSpecification","valueRequired":true,"valueName":"search_term_string"}}],"inLanguage":"fr-FR"},{"@type":"Organization","@id":"https:\/\/tipsnco.com\/#organization","name":"Tipsnco","url":"https:\/\/tipsnco.com\/","logo":{"@type":"ImageObject","inLanguage":"fr-FR","@id":"https:\/\/tipsnco.com\/#\/schema\/logo\/image\/","url":"https:\/\/tipsnco.com\/wp-content\/uploads\/2023\/08\/IMG_4277.png","contentUrl":"https:\/\/tipsnco.com\/wp-content\/uploads\/2023\/08\/IMG_4277.png","width":232,"height":232,"caption":"Tipsnco"},"image":{"@id":"https:\/\/tipsnco.com\/#\/schema\/logo\/image\/"}}]}},"jetpack_sharing_enabled":true,"_links":{"self":[{"href":"https:\/\/tipsnco.com\/index.php\/wp-json\/wp\/v2\/pages\/173","targetHints":{"allow":["GET"]}}],"collection":[{"href":"https:\/\/tipsnco.com\/index.php\/wp-json\/wp\/v2\/pages"}],"about":[{"href":"https:\/\/tipsnco.com\/index.php\/wp-json\/wp\/v2\/types\/page"}],"author":[{"embeddable":true,"href":"https:\/\/tipsnco.com\/index.php\/wp-json\/wp\/v2\/users\/1"}],"replies":[{"embeddable":true,"href":"https:\/\/tipsnco.com\/index.php\/wp-json\/wp\/v2\/comments?post=173"}],"version-history":[{"count":124,"href":"https:\/\/tipsnco.com\/index.php\/wp-json\/wp\/v2\/pages\/173\/revisions"}],"predecessor-version":[{"id":1040,"href":"https:\/\/tipsnco.com\/index.php\/wp-json\/wp\/v2\/pages\/173\/revisions\/1040"}],"wp:attachment":[{"href":"https:\/\/tipsnco.com\/index.php\/wp-json\/wp\/v2\/media?parent=173"}],"curies":[{"name":"wp","href":"https:\/\/api.w.org\/{rel}","templated":true}]}}